 of d(-9)?
1
Let w(o) = -37*o - 66. What is the tens digit of w(-7)?
9
Let x(c) = -c**2 + 7*c - 4. Let w be x(5). Suppose w*t = 12 + 6. Suppose -y + 4 = g - 6, -t*y + 44 = 4*g. What is the tens digit of g?
1
Let x = 1040 - 593. What is the hundreds digit of x?
4
Let j(h) = -h + 18. Let b be j(14). Suppose -l + 4*t - 3*t + 2 = 0, -3*l - b*t + 6 = 0. Suppose -3*a = 0, a + 53 = l*u - 1. What is the units digit of u?
7
Suppose -153 = -p + 4*r, 3*p = 5*r + 474 - 29. Let j = 307 - p. What is the units digit of j?
2
Suppose 0 = -815*n + 812*n + 3486. What is the hundreds digit of n?
1
Suppose 7*n = 2*n - 5*a + 15, -2*a + 20 = -5*n. What is the units digit of (n/8)/1 - 298/(-8)?
7
Let k be (-381)/(-3) - -3 - 0 - -3. Let y = -20 + k. What is the units digit of y?
3
Let y(u) = -15*u + 463. What is the tens digit of y(0)?
6
Let p be 10/4*(-6)/(-5). Suppose -2*m + 3*a = -6*m + 7, 0 = 5*m - p*a - 2. What is the units digit of m?
1
Suppose -52*v = -62*v + 1970. What is the hundreds digit of v?
1
Suppose -7*v = -3*v - 292. Let j = 3 + v. What is the tens digit of j?
7
Let p = -482 + 1259. What is the units digit of p?
7
Let b(q) = 7 - 3 + 7 - 3 - 18*q. What is the tens digit of b(-4)?
8
Let x be 1/(10/(-15)*(-6)/(-4)). What is the units digit of (1 + -1*224)*x?
3
Suppose -5*n + 4*f + 7 + 3 = 0, -4*f + 14 = -n. Suppose 10*y = n*y + 28. What is the units digit of y?
7
Let o(i) = 20*i**2 + 102*i - 24. What is the units digit of o(10)?
6
Suppose -37 - 59 = 4*m. Let i = m - -66. What is the units digit of i?
2
Suppose -4268 = -5*m - 3*r, 11*m - 3*r - 3436 = 7*m. What is the tens digit of m?
5
Let d be (-1 + 1)/((-20)/(-10)). Suppose 0*r + r - 29 = m, d = m + 5*r - 1. What is the units digit of (m/(-5))/((-9)/(-60))?
2
Let x(c) = c**2 - 5*c + 1. Let f be x(2). Let h be ((-1)/(-2))/(f/(-40)). Suppose k + 41 = h*k - 2*u, 3*k = u + 37. What is the units digit of k?
1
What is the hundreds digit of 5/(-5) + (-2288)/(-4)?
5
Suppose 0 = -2*a - 2, -595 = -2*w + 7*w + 5*a. What is the units digit of w/(-4)*-2*-1?
9
Let j(o) = -3*o - o - 6 - 5*o + 16. Suppose -6*l - 43 + 7 = 0. What is the units digit of j(l)?
4
Let p(r) = -r. Let i(m) = 47*m. Let x(o) = -i(o) - 4*p(o). What is the units digit of x(-2)?
6
Let q = 3 - -2. Suppose -c - 28 = q*l, l = -0*c - 5*c - 44. What is the units digit of 1 + 19 + 8 + c?
0
Suppose -v = -4*q + 255, -2*v + 6*v = -2*q + 150. Suppose -835 = -60*k + q*k. Let n = -104 - k. What is the units digit of n?
3
What is the units digit of 1 + (9 - 4) + 404?
0
Suppose -5*x - 9*x = -14. What is the tens digit of (-1*x/(-4))/((-26)/(-10088))?
9
Let f = -685 - -1355. What is the units digit of f?
0
Suppose -4*z + m = -2457, z = -5*m + 184 + 425. What is the tens digit of z?
1
What is the tens digit of ((-2 - 4) + 1776)*1?
7
Suppose 0*i - 45 = -r + 5*i, -2*i + 90 = 5*r. Suppose r - 5 = 5*s, -2*f + 5*s + 105 = 0. What is the tens digit of f?
6
Let h(d) = 39*d**3 + 3*d**2 + 13*d - 18. What is the tens digit of h(4)?
7
Let u be 3/(-5) + 126/(-90). What is the tens digit of 16 - -95 - (0 + -1 - u)?
1
Suppose -9 = -5*x + 1, 4*u = -5*x + 106. Let o be u + -1 + (1 - 3). Suppose -2*m = -3*p - 62 + o, -p + 21 = 2*m. What is the tens digit of m?
1
Let z(t) = -203*t + 40. Let j be z(-4). Suppose 0 = 5*r - 2*x - 1420, -3*r = 12*x - 9*x - j. What is the units digit of r?
4
Let x = 8 - 230. Let q = -159 - x. What is the units digit of q?
3
Let y = 4 + -3. Let l(p) = -2*p**2 + 19*p - 11. Let s be l(9). What is the units digit of y - (-2 - 1) - s?
6
Let w = -14 - -81. Let c = w - -3. What is the units digit of c?
0
Let r(b) = -b**3 - 3*b**2 + 7*b + 1. Let u be r(-5). Suppose 0 = -2*x - 0*x - u. Let v = 11 + x. What is the units digit of v?
3
Let g(q) = -q**3 - 7*q**2 + 9*q + 7. Let j be g(-6). What is the tens digit of (-4 - j) + 2*(-3)/(-6)?
8
Suppose -3711 = -3*q - 3*b, -9*b + 4*b = -3*q + 3711. What is the units digit of q?
7
Let p(b) = 2*b - 12. Let q(s) = s - 6. Let g(c) = -6*p(c) + 11*q(c). Let l be g(6). Suppose l*v = 4*v - 40. What is the units digit of v?
0
Let r be 6/21 - (-7422)/42. Let c = -95 + r. What is the units digit of c?
2
Let h(o) = o**3 + 7*o**2 - 32*o + 3. What is the units digit of h(-10)?
3
Let n(t) = 6*t + 5 + 4*t**2 - 3*t**2 - 3 - 3. Let c be n(-6). What is the tens digit of (4/c)/(8/(-44))?
2
Let b = -297 + 597. Suppose -2*a + 6*a - b = 0. What is the tens digit of a?
7
Let s = 754 - 500. What is the units digit of s?
4
Suppose 4*g - 5*z = -21, -2*g + 4*g - 4*z + 18 = 0. Let j(h) = 2*h**3 - h**2 + 1. Let m be j(g). Let s(r) = 2*r**3 + 2*r**2 + 2. What is the tens digit of s(m)?
2
Suppose 31 - 1 = 5*c. Suppose -219 = -c*u + 369. What is the tens digit of u?
9
Let u = -19 + 21. Suppose -u*m + 9 = -13. Let z = m + 5. What is the units digit of z?
6
Let j = -76 - -79. Suppose 0 = j*i - 15*i + 672. What is the tens digit of i?
5
Suppose -2*o + 0*o - 5*f = -11, 2*o = f - 7. What is the tens digit of (-3 - o)/((8/(-2))/908)?
2
Suppose -4*s + 7 + 5 = 0. Suppose -3*w + 96 = 2*f, -4*f = s*w - 12 - 84. What is the units digit of w?
2
Let i = -18 - -24. Let v be -13*3/(i/2). Let p = v + 80. What is the tens digit of p?
6
Suppose 31*x = 30*x + 2. Suppose -5*a + x*g = 188 - 1663, 2*a = -g + 590. What is the units digit of a?
5
Suppose 903 = 4*k - g + 4*g, -k - 4*g + 242 = 0. Suppose 0*i = -2*i + k. What is the units digit of i?
1
Let k be 0/(-3)*1/2. Suppose 2*l - 4*p - p = 69, l - 4*p - 42 = k. Let h = 49 - l. What is the tens digit of h?
2
Suppose 5*q = -5*v + 12 - 2, -q = -4*v - 17. Suppose 0 = -n - 5, 3*n + 0*n - 915 = -q*r. What is the units digit of r?
6
Suppose 3*t - 485 - 1045 = -3*r, -3*t + 5*r + 1538 = 0. What is the tens digit of t?
1
Let w = -102 - -42. Let j be (234/24)/((-9)/w). Suppose -y = 3*y + 2*m - 270, -y + j = 3*m. What is the units digit of y?
8
Suppose -859 = 4*h + 3*a - 6191, -3*h = -4*a - 3999. What is the tens digit of h?
3
What is the thousands digit of 4/(-6) + 1035436/204?
5
Suppose -2228 = -6*l + 22. What is the units digit of l?
5
Let a(l) = -18*l**3 - 9*l**2 + 26*l + 8. What is the thousands digit of a(-7)?
5
Let c(q) = 59*q - 49. What is the hundreds digit of c(8)?
4
What is the thousands digit of 10/(-3)*(-1389441)/985?
4
Let l(d) = d**3 - 8*d**2 + d + 5. Let o be l(6). Let g = -22 - o. What is the units digit of g?
9
Let s be 2/3 - (-34)/(-6). Let j(o) = -o**3 - 3*o**2 + 2*o + 1. Let k be j(s). Suppose -4*n + k = -171. What is the units digit of n?
3
Suppose -15 = -6*j + 3. What is the units digit of 113/j - (-3)/9?
8
Let n = -110 - 40. What is the units digit of -3*n/9 + -4?
6
Let a = 85 + -101. What is the hundreds digit of (-3468)/(-8)*a/(-24)?
2
Let m(t) = -2*t**2 + 10*t + 8. Let a be m(8). Let s = 31 - a. What is the tens digit of s?
7
Let f(x) = -2*x**2 - 8*x - 4. Let t be f(-3). Let i be -3 + (3 - (t + -21)). Suppose -4*b + i = -21. What is the tens digit of b?
1
Let q(p) = 3*p**2 - 18*p - 10. What is the tens digit of q(9)?
7
Suppose -4*i - 175 = v, -328 = 4*v + i + 387. Let s = -43 - v. What is the tens digit of s?
3
Let y = -174 - -506. What is the tens digit of y?
3
Let d = 1006 + -498. What is the tens digit of d?
0
Suppose -5*h - 490 = -g, 4*g - 1960 = -h - h. What is the tens digit of g?
9
Let y = 14 + -1. Let j(u) = -u - 1. Let g be j(-5). Let k = g + y. What is the tens digit of k?
1
Suppose 0 = -7*y - 11*y - 216. Let o(f) = f**3 + 13*f**2 + 2*f + 28. What is the units digit of o(y)?
8
Suppose -2*b = -106 - 702. What is the tens digit of b?
0
Let m = -9 - -11. Suppose l + m = -2*b - 1, -3*b - 21 = -4*l. Suppose 23 = -l*k + 4*k - x, 3*x + 89 = 4*k. What is the units digit of k?
0
Suppose -12601 = -49*m + 21160. What is the tens digit of m?
8
Let k = 3230 - 886. What is the tens digit of k?
4
Let z = 3 - 5. Let k be 3/2 + (-9)/z. Suppose -3*i - 3 + k = 0. What is the units digit of i?
1
Suppose 32*b + 9*b - 19147 = 0. What is the hundreds digit of b?
4
Let u(d) = 4*d + 6. Let s be u(-4). Let k be (-46)/s + (-6)/(-15). Suppose -3*x - k*t = -65, -1 = t + 1. What is the tens digit of x?
2
Let h(v) = -3 - 109*v**2 + v + 108*v**2 + 0*v. Let u be h(3). What is the tens digit of (-128)/u - (-6)/(-27)?
1
Let s = 53 - -36. What is the tens digit of s?
8
Let x = 63 - 55. Suppose x*o + 800 = 12*o. What is the tens dig